{"id":1200,"date":"2024-05-21T20:06:22","date_gmt":"2024-05-21T20:06:22","guid":{"rendered":"https:\/\/healthcare.grupomidia.com\/100maisinfluentesdasaude\/?page_id=1200"},"modified":"2026-01-14T14:08:45","modified_gmt":"2026-01-14T17:08:45","slug":"regulamento-premio-100-mais-influentes-da-saude","status":"publish","type":"page","link":"https:\/\/healthcare.grupomidia.com\/100maisinfluentesdasaude\/regulamento-premio-100-mais-influentes-da-saude\/","title":{"rendered":"Regulamento &#8211; Pr\u00eamio 100 Mais Influentes da Sa\u00fade"},"content":{"rendered":"\t\t<div data-elementor-type=\"wp-page\" data-elementor-id=\"1200\" class=\"elementor elementor-1200\">\n\t\t\t\t<div class=\"elementor-element elementor-element-ce69b1a e-flex e-con-boxed e-con e-parent\" data-id=\"ce69b1a\" data-element_type=\"container\" data-settings=\"{&quot;background_background&quot;:&quot;classic&quot;}\">\n\t\t\t\t\t<div class=\"e-con-inner\">\n\t\t<div class=\"elementor-element elementor-element-fbffe9c e-flex e-con-boxed e-con e-child\" data-id=\"fbffe9c\" data-element_type=\"container\">\n\t\t\t\t\t<div class=\"e-con-inner\">\n\t\t\t\t<div class=\"elementor-element elementor-element-24d4b49 elementor-widget elementor-widget-text-editor\" data-id=\"24d4b49\" data-element_type=\"widget\" data-widget_type=\"text-editor.default\">\n\t\t\t\t<div class=\"elementor-widget-container\">\n\t\t\t\t\t\t\t\t\t<h2><span style=\"color: #fff;\">Regulamento &#8211; Pr\u00eamio 100 Mais Influentes da Sa\u00fade<\/span><\/h2>\n<div><span style=\"color: #fff;\"><\/span>O <strong data-renderer-mark=\"true\">Pr\u00eamio 100 Mais Influentes da Sa\u00fade<\/strong> \u00e9 destinado exclusivamente \u00e0s pessoas, reconhecendo a <strong data-renderer-mark=\"true\">influ\u00eancia e atua\u00e7\u00e3o individual<\/strong> no desenvolvimento do setor da sa\u00fade no Brasil, independentemente das organiza\u00e7\u00f5es \u00e0s quais estejam vinculadas.<\/div>\n<p data-renderer-start-pos=\"290\"><strong data-renderer-mark=\"true\">Per\u00edodo de Vota\u00e7\u00e3o<\/strong>\nA <strong data-renderer-mark=\"true\">vota\u00e7\u00e3o oficial<\/strong> ocorre de <strong data-renderer-mark=\"true\">2 de dezembro de 2025 a 31 de maio de 2026<\/strong>.<\/p>\n<p data-renderer-start-pos=\"382\"><strong data-renderer-mark=\"true\">Elegibilidade<\/strong>\nS\u00e3o eleg\u00edveis pessoas que tenham realizado <strong data-renderer-mark=\"true\">a\u00e7\u00f5es relevantes e de impacto nos 12 meses<\/strong> que antecedem a premia\u00e7\u00e3o, contribuindo de forma efetiva para o avan\u00e7o e transforma\u00e7\u00e3o do setor da sa\u00fade.<\/p>\n<p data-renderer-start-pos=\"589\"><strong data-renderer-mark=\"true\">Avalia\u00e7\u00e3o<\/strong>\nA vota\u00e7\u00e3o oficial integra o processo de avalia\u00e7\u00e3o. A defini\u00e7\u00e3o dos homenageados \u00e9 conduzida pelo <strong data-renderer-mark=\"true\">Conselho Editorial do Grupo M\u00eddia<\/strong>, respons\u00e1vel pela an\u00e1lise final com base em:<\/p>\n\n<ul class=\"ak-ul\" data-indent-level=\"1\">\n \t<li>\n<p data-renderer-start-pos=\"778\">Pesquisa de mercado;<\/p>\n<\/li>\n \t<li>\n<p data-renderer-start-pos=\"802\">Relev\u00e2ncia e impacto das contribui\u00e7\u00f5es;<\/p>\n<\/li>\n \t<li>\n<p data-renderer-start-pos=\"845\">Repercuss\u00e3o das a\u00e7\u00f5es na m\u00eddia especializada.<\/p>\n<\/li>\n<\/ul>\n<p data-renderer-start-pos=\"894\"><strong data-renderer-mark=\"true\">Divulga\u00e7\u00e3o<\/strong>\nA lista oficial dos vencedores ser\u00e1 divulgada durante a <strong data-renderer-mark=\"true\">cerim\u00f4nia de premia\u00e7\u00e3o<\/strong> e publicada em edi\u00e7\u00e3o especial da <strong data-renderer-mark=\"true\">revista Healthcare Management<\/strong>.<\/p>\n<p data-renderer-start-pos=\"1050\">\nO Grupo M\u00eddia reserva-se o direito de realizar ajustes no cronograma e nos procedimentos, sempre que necess\u00e1rio, para assegurar a coer\u00eancia institucional e o adequado andamento da premia\u00e7\u00e3o.<\/p>\t\t\t\t\t\t\t\t<\/div>\n\t\t\t\t<\/div>\n\t\t\t\t\t<\/div>\n\t\t\t\t<\/div>\n\t\t\t\t\t<\/div>\n\t\t\t\t<\/div>\n\t\t\t\t<\/div>\n\t\t","protected":false},"excerpt":{"rendered":"<p>Regulamento &#8211; Pr\u00eamio 100 Mais Influentes da Sa\u00fade O Pr\u00eamio 100 Mais Influentes da Sa\u00fade \u00e9 destinado exclusivamente \u00e0s pessoas, reconhecendo a influ\u00eancia e atua\u00e7\u00e3o individual no desenvolvimento do setor da sa\u00fade no Brasil, independentemente das organiza\u00e7\u00f5es \u00e0s quais estejam vinculadas. Per\u00edodo de Vota\u00e7\u00e3o A vota\u00e7\u00e3o oficial ocorre de 2 de dezembro de 2025 a [&hellip;]<\/p>\n","protected":false},"author":1,"featured_media":0,"parent":0,"menu_order":0,"comment_status":"closed","ping_status":"closed","template":"","meta":{"footnotes":""},"class_list":["post-1200","page","type-page","status-publish","hentry"],"yoast_head":"<!-- This site is optimized with the Yoast SEO plugin v27.4 - https:\/\/yoast.com\/product\/yoast-seo-wordpress\/ -->\n<title>Regulamento - Pr\u00eamio 100 Mais Influentes da Sa\u00fade - 100 Mais Influentes da Sa\u00fade<\/title>\n<meta name=\"robots\" content=\"index, follow, max-snippet:-1, max-image-preview:large, max-video-preview:-1\" \/>\n<link rel=\"canonical\" href=\"https:\/\/healthcare.grupomidia.com\/100maisinfluentesdasaude\/regulamento-premio-100-mais-influentes-da-saude\/\" \/>\n<meta property=\"og:locale\" content=\"pt_BR\" \/>\n<meta property=\"og:type\" content=\"article\" \/>\n<meta property=\"og:title\" content=\"Regulamento - Pr\u00eamio 100 Mais Influentes da Sa\u00fade - 100 Mais Influentes da Sa\u00fade\" \/>\n<meta property=\"og:description\" content=\"Regulamento &#8211; Pr\u00eamio 100 Mais Influentes da Sa\u00fade O Pr\u00eamio 100 Mais Influentes da Sa\u00fade \u00e9 destinado exclusivamente \u00e0s pessoas, reconhecendo a influ\u00eancia e atua\u00e7\u00e3o individual no desenvolvimento do setor da sa\u00fade no Brasil, independentemente das organiza\u00e7\u00f5es \u00e0s quais estejam vinculadas. Per\u00edodo de Vota\u00e7\u00e3o A vota\u00e7\u00e3o oficial ocorre de 2 de dezembro de 2025 a [&hellip;]\" \/>\n<meta property=\"og:url\" content=\"https:\/\/healthcare.grupomidia.com\/100maisinfluentesdasaude\/regulamento-premio-100-mais-influentes-da-saude\/\" \/>\n<meta property=\"og:site_name\" content=\"100 Mais Influentes da Sa\u00fade\" \/>\n<meta property=\"article:modified_time\" content=\"2026-01-14T17:08:45+00:00\" \/>\n<meta name=\"twitter:card\" content=\"summary_large_image\" \/>\n<meta name=\"twitter:label1\" content=\"Est. tempo de leitura\" \/>\n\t<meta name=\"twitter:data1\" content=\"2 minutos\" \/>\n<script type=\"application\/ld+json\" class=\"yoast-schema-graph\">{\"@context\":\"https:\\\/\\\/schema.org\",\"@graph\":[{\"@type\":\"WebPage\",\"@id\":\"https:\\\/\\\/healthcare.grupomidia.com\\\/100maisinfluentesdasaude\\\/regulamento-premio-100-mais-influentes-da-saude\\\/\",\"url\":\"https:\\\/\\\/healthcare.grupomidia.com\\\/100maisinfluentesdasaude\\\/regulamento-premio-100-mais-influentes-da-saude\\\/\",\"name\":\"Regulamento - Pr\u00eamio 100 Mais Influentes da Sa\u00fade - 100 Mais Influentes da Sa\u00fade\",\"isPartOf\":{\"@id\":\"https:\\\/\\\/healthcare.grupomidia.com\\\/100maisinfluentesdasaude\\\/#website\"},\"datePublished\":\"2024-05-21T20:06:22+00:00\",\"dateModified\":\"2026-01-14T17:08:45+00:00\",\"breadcrumb\":{\"@id\":\"https:\\\/\\\/healthcare.grupomidia.com\\\/100maisinfluentesdasaude\\\/regulamento-premio-100-mais-influentes-da-saude\\\/#breadcrumb\"},\"inLanguage\":\"pt-BR\",\"potentialAction\":[{\"@type\":\"ReadAction\",\"target\":[\"https:\\\/\\\/healthcare.grupomidia.com\\\/100maisinfluentesdasaude\\\/regulamento-premio-100-mais-influentes-da-saude\\\/\"]}]},{\"@type\":\"BreadcrumbList\",\"@id\":\"https:\\\/\\\/healthcare.grupomidia.com\\\/100maisinfluentesdasaude\\\/regulamento-premio-100-mais-influentes-da-saude\\\/#breadcrumb\",\"itemListElement\":[{\"@type\":\"ListItem\",\"position\":1,\"name\":\"In\u00edcio\",\"item\":\"https:\\\/\\\/healthcare.grupomidia.com\\\/100maisinfluentesdasaude\\\/\"},{\"@type\":\"ListItem\",\"position\":2,\"name\":\"Regulamento &#8211; Pr\u00eamio 100 Mais Influentes da Sa\u00fade\"}]},{\"@type\":\"WebSite\",\"@id\":\"https:\\\/\\\/healthcare.grupomidia.com\\\/100maisinfluentesdasaude\\\/#website\",\"url\":\"https:\\\/\\\/healthcare.grupomidia.com\\\/100maisinfluentesdasaude\\\/\",\"name\":\"Rener Silva\",\"description\":\"Pr\u00eamio - 100 Mais Influentes da Sa\u00fade\",\"publisher\":{\"@id\":\"https:\\\/\\\/healthcare.grupomidia.com\\\/100maisinfluentesdasaude\\\/#organization\"},\"potentialAction\":[{\"@type\":\"SearchAction\",\"target\":{\"@type\":\"EntryPoint\",\"urlTemplate\":\"https:\\\/\\\/healthcare.grupomidia.com\\\/100maisinfluentesdasaude\\\/?s={search_term_string}\"},\"query-input\":{\"@type\":\"PropertyValueSpecification\",\"valueRequired\":true,\"valueName\":\"search_term_string\"}}],\"inLanguage\":\"pt-BR\"},{\"@type\":\"Organization\",\"@id\":\"https:\\\/\\\/healthcare.grupomidia.com\\\/100maisinfluentesdasaude\\\/#organization\",\"name\":\"Grupo M\u00eddia\",\"url\":\"https:\\\/\\\/healthcare.grupomidia.com\\\/100maisinfluentesdasaude\\\/\",\"logo\":{\"@type\":\"ImageObject\",\"inLanguage\":\"pt-BR\",\"@id\":\"https:\\\/\\\/healthcare.grupomidia.com\\\/100maisinfluentesdasaude\\\/#\\\/schema\\\/logo\\\/image\\\/\",\"url\":\"https:\\\/\\\/healthcare.grupomidia.com\\\/100maisinfluentesdasaude\\\/wp-content\\\/uploads\\\/2024\\\/09\\\/logo-grupo-midia-negocios-sao-feitos-de-conexoes-e-disso-a-gente-entende.jpeg\",\"contentUrl\":\"https:\\\/\\\/healthcare.grupomidia.com\\\/100maisinfluentesdasaude\\\/wp-content\\\/uploads\\\/2024\\\/09\\\/logo-grupo-midia-negocios-sao-feitos-de-conexoes-e-disso-a-gente-entende.jpeg\",\"width\":300,\"height\":168,\"caption\":\"Grupo M\u00eddia\"},\"image\":{\"@id\":\"https:\\\/\\\/healthcare.grupomidia.com\\\/100maisinfluentesdasaude\\\/#\\\/schema\\\/logo\\\/image\\\/\"},\"sameAs\":[\"https:\\\/\\\/www.youtube.com\\\/user\\\/grupomidia\",\"https:\\\/\\\/www.linkedin.com\\\/company\\\/grupo-midia\\\/\",\"https:\\\/\\\/www.instagram.com\\\/grupomidiabr\\\/\"]}]}<\/script>\n<!-- \/ Yoast SEO plugin. -->","yoast_head_json":{"title":"Regulamento - Pr\u00eamio 100 Mais Influentes da Sa\u00fade - 100 Mais Influentes da Sa\u00fade","robots":{"index":"index","follow":"follow","max-snippet":"max-snippet:-1","max-image-preview":"max-image-preview:large","max-video-preview":"max-video-preview:-1"},"canonical":"https:\/\/healthcare.grupomidia.com\/100maisinfluentesdasaude\/regulamento-premio-100-mais-influentes-da-saude\/","og_locale":"pt_BR","og_type":"article","og_title":"Regulamento - Pr\u00eamio 100 Mais Influentes da Sa\u00fade - 100 Mais Influentes da Sa\u00fade","og_description":"Regulamento &#8211; Pr\u00eamio 100 Mais Influentes da Sa\u00fade O Pr\u00eamio 100 Mais Influentes da Sa\u00fade \u00e9 destinado exclusivamente \u00e0s pessoas, reconhecendo a influ\u00eancia e atua\u00e7\u00e3o individual no desenvolvimento do setor da sa\u00fade no Brasil, independentemente das organiza\u00e7\u00f5es \u00e0s quais estejam vinculadas. Per\u00edodo de Vota\u00e7\u00e3o A vota\u00e7\u00e3o oficial ocorre de 2 de dezembro de 2025 a [&hellip;]","og_url":"https:\/\/healthcare.grupomidia.com\/100maisinfluentesdasaude\/regulamento-premio-100-mais-influentes-da-saude\/","og_site_name":"100 Mais Influentes da Sa\u00fade","article_modified_time":"2026-01-14T17:08:45+00:00","twitter_card":"summary_large_image","twitter_misc":{"Est. tempo de leitura":"2 minutos"},"schema":{"@context":"https:\/\/schema.org","@graph":[{"@type":"WebPage","@id":"https:\/\/healthcare.grupomidia.com\/100maisinfluentesdasaude\/regulamento-premio-100-mais-influentes-da-saude\/","url":"https:\/\/healthcare.grupomidia.com\/100maisinfluentesdasaude\/regulamento-premio-100-mais-influentes-da-saude\/","name":"Regulamento - Pr\u00eamio 100 Mais Influentes da Sa\u00fade - 100 Mais Influentes da Sa\u00fade","isPartOf":{"@id":"https:\/\/healthcare.grupomidia.com\/100maisinfluentesdasaude\/#website"},"datePublished":"2024-05-21T20:06:22+00:00","dateModified":"2026-01-14T17:08:45+00:00","breadcrumb":{"@id":"https:\/\/healthcare.grupomidia.com\/100maisinfluentesdasaude\/regulamento-premio-100-mais-influentes-da-saude\/#breadcrumb"},"inLanguage":"pt-BR","potentialAction":[{"@type":"ReadAction","target":["https:\/\/healthcare.grupomidia.com\/100maisinfluentesdasaude\/regulamento-premio-100-mais-influentes-da-saude\/"]}]},{"@type":"BreadcrumbList","@id":"https:\/\/healthcare.grupomidia.com\/100maisinfluentesdasaude\/regulamento-premio-100-mais-influentes-da-saude\/#breadcrumb","itemListElement":[{"@type":"ListItem","position":1,"name":"In\u00edcio","item":"https:\/\/healthcare.grupomidia.com\/100maisinfluentesdasaude\/"},{"@type":"ListItem","position":2,"name":"Regulamento &#8211; Pr\u00eamio 100 Mais Influentes da Sa\u00fade"}]},{"@type":"WebSite","@id":"https:\/\/healthcare.grupomidia.com\/100maisinfluentesdasaude\/#website","url":"https:\/\/healthcare.grupomidia.com\/100maisinfluentesdasaude\/","name":"Rener Silva","description":"Pr\u00eamio - 100 Mais Influentes da Sa\u00fade","publisher":{"@id":"https:\/\/healthcare.grupomidia.com\/100maisinfluentesdasaude\/#organization"},"potentialAction":[{"@type":"SearchAction","target":{"@type":"EntryPoint","urlTemplate":"https:\/\/healthcare.grupomidia.com\/100maisinfluentesdasaude\/?s={search_term_string}"},"query-input":{"@type":"PropertyValueSpecification","valueRequired":true,"valueName":"search_term_string"}}],"inLanguage":"pt-BR"},{"@type":"Organization","@id":"https:\/\/healthcare.grupomidia.com\/100maisinfluentesdasaude\/#organization","name":"Grupo M\u00eddia","url":"https:\/\/healthcare.grupomidia.com\/100maisinfluentesdasaude\/","logo":{"@type":"ImageObject","inLanguage":"pt-BR","@id":"https:\/\/healthcare.grupomidia.com\/100maisinfluentesdasaude\/#\/schema\/logo\/image\/","url":"https:\/\/healthcare.grupomidia.com\/100maisinfluentesdasaude\/wp-content\/uploads\/2024\/09\/logo-grupo-midia-negocios-sao-feitos-de-conexoes-e-disso-a-gente-entende.jpeg","contentUrl":"https:\/\/healthcare.grupomidia.com\/100maisinfluentesdasaude\/wp-content\/uploads\/2024\/09\/logo-grupo-midia-negocios-sao-feitos-de-conexoes-e-disso-a-gente-entende.jpeg","width":300,"height":168,"caption":"Grupo M\u00eddia"},"image":{"@id":"https:\/\/healthcare.grupomidia.com\/100maisinfluentesdasaude\/#\/schema\/logo\/image\/"},"sameAs":["https:\/\/www.youtube.com\/user\/grupomidia","https:\/\/www.linkedin.com\/company\/grupo-midia\/","https:\/\/www.instagram.com\/grupomidiabr\/"]}]}},"_links":{"self":[{"href":"https:\/\/healthcare.grupomidia.com\/100maisinfluentesdasaude\/wp-json\/wp\/v2\/pages\/1200","targetHints":{"allow":["GET"]}}],"collection":[{"href":"https:\/\/healthcare.grupomidia.com\/100maisinfluentesdasaude\/wp-json\/wp\/v2\/pages"}],"about":[{"href":"https:\/\/healthcare.grupomidia.com\/100maisinfluentesdasaude\/wp-json\/wp\/v2\/types\/page"}],"author":[{"embeddable":true,"href":"https:\/\/healthcare.grupomidia.com\/100maisinfluentesdasaude\/wp-json\/wp\/v2\/users\/1"}],"replies":[{"embeddable":true,"href":"https:\/\/healthcare.grupomidia.com\/100maisinfluentesdasaude\/wp-json\/wp\/v2\/comments?post=1200"}],"version-history":[{"count":62,"href":"https:\/\/healthcare.grupomidia.com\/100maisinfluentesdasaude\/wp-json\/wp\/v2\/pages\/1200\/revisions"}],"predecessor-version":[{"id":2741,"href":"https:\/\/healthcare.grupomidia.com\/100maisinfluentesdasaude\/wp-json\/wp\/v2\/pages\/1200\/revisions\/2741"}],"wp:attachment":[{"href":"https:\/\/healthcare.grupomidia.com\/100maisinfluentesdasaude\/wp-json\/wp\/v2\/media?parent=1200"}],"curies":[{"name":"wp","href":"https:\/\/api.w.org\/{rel}","templated":true}]}}